3613
List the prime factors of 119524.
2, 29881
What are the prime factors of 9718882?
2, 4859441
What are the prime factors of 680564?
2, 170141
What are the prime factors of 429463?
429463
What are the prime factors of 463667?
31, 14957
List the prime factors of 13726027.
7, 373, 751
What are the prime factors of 8008405?
5, 19, 84299
List the prime factors of 17729497.
17729497
What are the prime factors of 11333700?
2, 3, 5, 7, 257
List the prime factors of 834915.
3, 5, 55661
List the prime factors of 26798506.
2, 7, 1914179
List the prime factors of 164511.
3, 677
List the prime factors of 527153.
11, 17, 2819
What are the prime factors of 639941?
639941
List the prime factors of 430194.
2, 3, 71699
List the prime factors of 1021361.
11, 23, 367
List the prime factors of 4266723.
3, 1422241
List the prime factors of 2886497.
673, 4289
List the prime factors of 2283342.
2, 3, 380557
What are the prime factors of 234709?
79, 2971
What are the prime factors of 538495?
5, 107699
What are the prime factors of 8467040?
2, 5, 52919
What are the prime factors of 11512870?
2, 5, 1151287
List the prime factors of 93040.
2, 5, 1163
List the prime factors of 133482.
2, 3, 22247
What are the prime factors of 191675?
5, 11, 17, 41
What are the prime factors of 667165?
5, 17, 47, 167
List the prime factors of 508484.
2, 23, 5527
What are the prime factors of 5462764?
2, 251, 5441
What are the prime factors of 3173205?
3, 5, 7, 47, 643
List the prime factors of 135818.
2, 59, 1151
List the prime factors of 703919.
17, 47, 881
What are the prime factors of 8151145?
5, 59, 27631
List the prime factors of 18637947.
3, 2070883
What are the prime factors of 240519?
3, 80173
What are the prime factors of 32604?
2, 3, 11, 13, 19
What are the prime factors of 1264307?
11, 17, 6761
List the prime factors of 1028630.
2, 5, 29, 3547
What are the prime factors of 332469?
3, 17, 41, 53
List the prime factors of 347154.
2, 3, 57859
What are the prime factors of 148451?
29, 5119
What are the prime factors of 185429?
185429
What are the prime factors of 831594?
2, 3, 138599
List the prime factors of 18241090.
2, 5, 7, 260587
What are the prime factors of 618103?
17, 103, 353
What are the prime factors of 120876?
2, 3, 7, 1439
What are the prime factors of 128160?
2, 3, 5, 89
What are the prime factors of 143736?
2, 3, 53, 113
List the prime factors of 6853404.
2, 3, 149, 3833
List the prime factors of 4699833.
3, 101, 15511
What are the prime factors of 2263869?
3, 19, 1471
What are the prime factors of 162972?
2, 3, 503
What are the prime factors of 6047750?
2, 5, 17, 1423
List the prime factors of 108704.
2, 43, 79
What are the prime factors of 950593?
7, 135799
List the prime factors of 8587248.
2, 3, 29, 31, 199
List the prime factors of 143808.
2, 3, 7, 107
What are the prime factors of 14557950?
2, 3, 5, 11, 17, 173
What are the prime factors of 7984829?
7984829
What are the prime factors of 226548?
2, 3, 7, 29, 31
What are the prime factors of 5683565?
5, 19, 29, 2063
List the prime factors of 1332856.
2, 7, 23801
What are the prime factors of 242450?
2, 5, 13, 373
List the prime factors of 3938662.
2, 7, 13, 17, 19, 67
List the prime factors of 3368.
2, 421
List the prime factors of 1459191.
3, 486397
List the prime factors of 10643546.
2, 73, 72901
List the prime factors of 11792117.
11792117
List the prime factors of 34482.
2, 3, 7, 821
What are the prime factors of 4476556?
2, 7, 29, 37, 149
What are the prime factors of 4203435?
3, 5, 280229
What are the prime factors of 134388?
2, 3, 3733
What are the prime factors of 1093712?
2, 17, 4021
List the prime factors of 1987469.
11, 180679
What are the prime factors of 477385?
5, 307, 311
What are the prime factors of 1405105?
5, 13, 21617
List the prime factors of 5237754.
2, 3, 872959
List the prime factors of 757822.
2, 13, 29147
List the prime factors of 7975394.
2, 7, 569671
What are the prime factors of 625682?
2, 312841
What are the prime factors of 347843?
137, 2539
List the prime factors of 1268381.
23, 55147
List the prime factors of 1330854.
2, 3, 7, 31687
List the prime factors of 14037140.
2, 5, 13, 4153
List the prime factors of 1554004.
2, 17, 22853
What are the prime factors of 4420274?
2, 19, 89, 1307
What are the prime factors of 742905?
3, 5, 5503
List the prime factors of 1963.
13, 151
What are the prime factors of 1487282?
2, 19, 39139
List the prime factors of 17009150.
2, 5, 340183
List the prime factors of 1557906.
2, 3, 7, 757
List the prime factors of 54338.
2, 101, 269
What are the prime factors of 3471588?
2, 3, 73, 1321
List the prime factors of 167996.
2, 41999
List the prime factors of 1552293.
3, 23, 7499
List the prime factors of 12492741.
3, 41, 47, 2161
What are the prime factors of 2956060?
2, 5, 61, 2423
What are the prime factors of 380178?
2, 3, 21121
List the prime factors of 3056627.
7, 353, 1237
What are the prime factors of 282971?
13, 21767
What are the prime factors of 1075168?
2, 33599
What are the prime factors of 4524887?
59, 271, 283
What are the prime factors of 37225?
5, 1489
What are the prime factors of 192426?
2, 3, 13, 2467
List the prime factors of 36240049.
19, 1907371
List the prime factors of 699012.
2, 3, 19417
What are the prime factors of 198675?
3, 5, 883
List the prime factors of 530754.
2, 3, 7, 12637
What are the prime factors of 56151?
3, 17, 367
What are the prime factors of 36774248?
2, 7, 656683
List the prime factors of 2140909.
23, 93083
List the prime factors of 1025754.
2, 3, 23, 7433
What are the prime factors of 741665?
5, 19, 37, 211
List the prime factors of 739999.
13, 56923
What are the prime factors of 1374908?
2, 343727
What are the prime factors of 2825547?
3, 19, 2609
What are the prime factors of 5458864?
2, 341179
What are the prime factors of 7604467?
13, 23, 29, 877
List the prime factors of 3640960.
2, 5, 5689
List the prime factors of 428146.
2, 19, 593
What are the prime factors of 546825?
3, 5, 23, 317
List the prime factors of 274254.
2, 3, 43, 1063
List the prime factors of 496444.
2, 13, 9547
List the prime factors of 39507151.
39507151
What are the prime factors of 8496379?
17, 499787
What are the prime factors of 710296?
2, 19, 4673
List the prime factors of 9521640.
2, 3, 5, 26449
List the prime factors of 21580679.
911, 23689
What are the prime factors of 1210634?
2, 29, 20873
What are the prime factors of 151373?
19, 31, 257
What are the prime factors of 770364?
2, 3, 7, 1019
What are the prime factors of 516560?
2, 5, 11, 587
List the prime factors of 69845.
5, 61, 229
What are the prime factors of 552390?
2, 3, 5, 18413
List the prime factors of 136106.
2, 68053
List the prime factors of 17451323.
467, 37369
List the prime factors of 427081.
427081
What are the prime factors of 1202162?
2, 13, 46237
What are the prime factors of 2181575?
5, 11, 7933
What are the prime factors of 429581?
429581
What are the prime factors of 12531412?
2, 19, 23, 67, 107
What are the prime factors of 10338372?
2, 3, 11, 26107
What are the prime factors of 1367495?
5, 29, 9431
List the prime factors of 2328680.
2, 5, 58217
What are the prime factors of 419796?
2, 3, 13, 23
List the prime factors of 18644389.
719, 25931
List the prime factors of 197893.
197893
List the prime factors of 9988694.
2, 1277, 3911
What are the prime factors of 304514?
2, 7, 21751
List the prime factors of 13312779.
3, 4437593
List the prime factors of 19456125.
3, 5, 13, 307
What are the prime factors of 1303305?
3, 5, 17, 19, 269
What are the prime factors of 566627?
17, 33331
List the prime factors of 31218600.
2, 3, 5, 7, 7433
What are the prime factors of 2431607?
43, 193, 293
What are the prime factors of 189443?
389, 487
What are the prime factors of 371021?
7, 53003
What are the prime factors of 75819?
3, 127, 199
List the prime factors of 1823130.
2, 3, 5, 47, 431
What are the prime factors of 635128?
2, 13, 31, 197
What are the prime factors of 674833?
674833
What are the prime factors of 15083528?
2, 1303, 1447
List the prime factors of 9463838.
2, 1289, 3671
What are the prime factors of 1965960?
2, 3, 5, 43, 127
List the prime factors of 297476.
2, 31, 2399
What are the prime factors of 7155753?
3, 11, 216841
What are the prime factors of 